(u) = 3*u**2 + 71*u + 173. Let a be c(-20). Let j = a - n. Calculate the remainder when j is divided by 3.
2
Calculate the remainder when ((-150)/(-2))/1 + -261 + 255 is divided by 50.
19
Let f = -3737 - -3742. What is the remainder when 683 is divided by f?
3
Let o = 50 - 42. Suppose -c = 2, 4*c + 7 = 3*u + o. What is the remainder when 22 is divided by (-2)/(-6)*-5*u?
2
Let r = -24 + 36. Let b be (1 + (-1)/(-2))/(r/(-448)). Let n = -3 - b. Calculate the remainder when n is divided by 18.
17
Suppose 3*t - 18*a = -20*a + 321, 5*t - 2*a - 551 = 0. Let i(g) = -2*g + 4. What is the remainder when t is divided by i(-6)?
13
Calculate the remainder when 5147 is divided by (4/(-6))/(((-1)/117)/((-6039)/(-3294))).
142
Let f(x) be the third derivative of -x**4/12 + 43*x**3/6 - 37*x**2 - 1. What is the remainder when f(8) is divided by 4?
3
Suppose 0 = -2*g + r - 444, 2*g = -g - 5*r - 679. Let m = g + 248. What is the remainder when 95 is divided by m?
20
Suppose -o + 2*o + 7 = 5*z, o - 20 = -4*z. Let a = -4 + o. Suppose -6*b + 59 = -49. What is the remainder when b is divided by a?
2
Let o(n) = -n**3 - 6*n**2 + 22*n - 42. Let q be o(-11). Let v = 348 - q. Calculate the remainder when 133 is divided by v.
25
Let r(x) = -x**2 + 11*x. Suppose 0 = -4*y + 5*u + 1759, 4*y - 702 - 1054 = 4*u. Suppose y = 3*w + 82. What is the remainder when w is divided by r(5)?
28
Let t(h) = h**2 - h + 9. Let g(b) = b**2 - b - 1. Let x(j) = 2*g(j) + t(j). Calculate the remainder when 96 is divided by x(3).
21
Let i(d) = -d**3 - 22*d**2 + 29*d + 146. Suppose 2*y + 5*j = -8, -4*y + 2*y + 8 = -3*j. What is the remainder when (-2)/(-2)*(y + 36) is divided by i(-23)?
5
Let n = -514 - -551. Suppose -1292 = -26*w + 9*w. Calculate the remainder when w is divided by n.
2
Let n = 5 + 13. Let r = 1447 + -1381. Calculate the remainder when r is divided by n.
12
Suppose 2*v - 5*a - 13158 + 4509 = 0, 5*a = -4*v + 17313. What is the remainder when v is divided by 5?
2
Let a(c) = c**3 + 13*c**2 + 181*c + 2737. Let n(v) be the third derivative of 7*v**5/15 - 2*v**2. What is the remainder when n(1) is divided by a(-14)?
0
Suppose -9 = 4*o - 29. Suppose 0 = 5*g - 5*n + 900, -7*g + o*n = -9*g - 325. What is the remainder when (-7)/(g/3560) + 9/15 is divided by 16?
15
Let r(g) = -2*g - 3. Let i be r(-2). Suppose 6 = -2*w, -2*s + 11*w - 8*w = -109. Let n = i + s. What is the remainder when n is divided by 11?
7
Calculate the remainder when 5332*(-1 + 108/48) is divided by 22.
21
Let k = -9193 + 9364. Calculate the remainder when k is divided by 79.
13
Let l = 732 - 473. Let b = l - 239. Calculate the remainder when 66 is divided by b.
6
Let i = -94 - -122. Let k = 138 - i. What is the remainder when k is divided by 8?
6
Let v(b) = -11*b**3 + b**2 - 2*b - 3. Let z be v(-2). Let t = -40 + z. Let k = 4118 + -4107. What is the remainder when t is divided by k?
9
Suppose -3*w - 74 = 4*k - 528, 0 = k + 5. Suppose -w*n - 60 = -162*n. What is the remainder when n is divided by 11?
4
Let j(b) = 66*b**3 - 2*b**2 + b. Let c = -227 - -261. What is the remainder when j(1) is divided by c?
31
Suppose -5*w = -10*w - 240. Let t = 93 - -12. Let s = t + w. Calculate the remainder when s is divided by 12.
9
Let s(h) = 9*h - 33. Let y be s(3). Let a(w) = -w**3 - 4*w**2 + 13*w + 18. Let u be a(y). What is the remainder when 3*u + (0 - 5) + 2 is divided by 16?
1
Suppose 63 = -7*t - 56. Let o = t - -22. Suppose r + 3*w = 96, o*w - 296 = -6*r + 3*r. Calculate the remainder when r is divided by 26.
24
Suppose 2*d - 4 = 4*y + 34, 5*d + 3*y - 56 = 0. Let q(m) = 6*m - 14. Let a be q(-23). Let w = a + 155. Calculate the remainder when d is divided by w.
1
Let l = -274 - -58. Let d = l - -219. What is the remainder when d is divided by 3?
0
Suppose 25*m - 780 = 20*m. Let k be (-4)/3*(-54)/72 + -139. Let w = k + m. What is the remainder when w is divided by 7?
4
Let r be 426/15 - 2/5. Let x = -2684 - -2696. Suppose x - r = -k. Calculate the remainder when 29 is divided by k.
13
Suppose 4*h + 16 = 64. Let w = 35 - 28. Suppose -g - w + 42 = 0. Calculate the remainder when g is divided by h.
11
Let z = -2554 + 3890. What is the remainder when z is divided by 68?
44
Let b = 21503 - 21489. Suppose -4 = -4*l + 60. Calculate the remainder when l is divided by b.
2
Let l = -12228 + 12286. Let i = 472 + -297. Calculate the remainder when i is divided by l.
1
Let i(b) = 3*b**3 - b**2 + 3*b + 1. Let t = 15 + -11. Calculate the remainder when i(t) is divided by 12.
9
Suppose -153*o + 19*o + 25284 = -5*o. Calculate the remainder when o is divided by 49.
0
Let s = 23359 - 22780. What is the remainder when s is divided by 7?
5
Let h(m) = 37*m - 17. Let c(s) = 10*s + 84. What is the remainder when h(11) is divided by c(-7)?
12
Suppose 21*d = 6879 + 10404. What is the remainder when d is divided by 69?
64
Let p be -1*(1/(-1) - 33). Suppose 24 = o + i, -o + 0*o + i = -p. Let c = -9873 - -9929. Calculate the remainder when c is divided by o.
27
Suppose -11 = 3*f - x + 12, f + 4*x = 14. Let v = f - -19. What is the remainder when 1785/75 - (1 - (-6)/(-5)) is divided by v?
11
Let p = -2067 + -825. What is the remainder when p/(-38) - 100/950 is divided by 30?
16
Suppose -u + 50 = 15. Let x = 42 - u. Suppose -m = -y - 12 - x, -4*y + 39 = m. What is the remainder when m is divided by 10?
3
Let z(f) = f**2 + f - 3. Let k be z(2). Suppose 2*p = -k*p - 35. Let w(r) = -4*r + 3. Calculate the remainder when w(p) is divided by 11.
9
Suppose 380*f - 381*f = -239. Suppose -f = 2*u - 845. Calculate the remainder when u is divided by 76.
75
Suppose -19*o - 365 = -14*o. Let f = 131 + o. What is the remainder when 114 is divided by f?
56
Suppose 30 = 4*a - 3*k - 115, 2*k + 14 = 0. What is the remainder when a is divided by 22?
9
Suppose 3*p + 5*y = 4554, -4*p + 83*y = 78*y - 6072. Calculate the remainder when p is divided by 218.
210
Suppose 0 = 21*c - 1645 - 9044. What is the remainder when c is divided by 7?
5
Let g be 5 - 8/(-28)*-7. Suppose g*j - 320 - 304 = 0. What is the remainder when j is divided by 35?
33
Let t be (-8)/12 + 484/6. Let d be 12/(-22)*(-539)/49 + -6. Suppose -5*i - 3*x = -0*i - t, d = -3*i + 2*x + 48. Calculate the remainder when 60 is divided by i.
12
Let o(x) = -4*x + 32. Let h be o(6). Suppose 4*j + j - h = -f, 4*j = 3*f - 5. Let g(q) = q**3 - 14*q**2 + q. Calculate the remainder when g(14) is divided by f.
2
Let i(b) = -1175*b - 610. What is the remainder when i(-2) is divided by 16?
12
Suppose 323*q + 133 = 330*q. Let k = -6 - -6. What is the remainder when 54 + -2 - (k + -2) is divided by q?
16
Let d = 7240 - 7141. Calculate the remainder when 375 is divided by d.
78
Suppose -j + 3*p = -639, -584*p + 588*p - 3081 = -5*j. Calculate the remainder when j is divided by 153.
9
Let c(h) = 34*h - 1484. What is the remainder when 418 is divided by c(50)?
202
Let m(p) = -896*p - 5336. Calculate the remainder when 518 is divided by m(-6).
38
Let x = 44353 + -42697. Calculate the remainder when x is divided by 353.
244
Let d(r) = 19*r - 81. Calculate the remainder when 182 is divided by d(6).
17
Let g(h) = -7*h**3 - h**2 - 5*h - 13. Suppose 90 = -8*a + 74. Calculate the remainder when g(a) is divided by 18.
13
Let h = 18858 - 10513. Calculate the remainder when h is divided by 69.
65
Suppose 0 = 2*x - 3*x + 5*u - 5, -5*x - u - 129 = 0. Let d(m) = 2*m + 83. Calculate the remainder when d(x) is divided by 14 + 3 + (-2 - -3).
15
Suppose -45 = -14*v - 59. What is the remainder when (v + 4*18/(-24))*-26 is divided by 29?
17
Suppose w = 3*u + 17, -4*w - 13 = -4*u - 41. Suppose 14*z + w*o = 10*z + 1240, 4*z + 3*o = 1242. Calculate the remainder when z is divided by 32.
21
Let t be (-23 + 27)/(69/(-34) + 2). Let f = t - -144. Calculate the remainder when 16 is divided by f.
0
Let z = 499 + -262. Suppose -2*b - 34*u = -36*u - 28, 4*u = -5*b + 52. What is the remainder when z is divided by b?
9
Let a = 93 + -18. Let m = 83 - a. Suppose 120 = 12*f - m*f. Calculate the remainder when 87 is divided by f.
27
Suppose -218*m = 486*m - 9856. Calculate the remainder when (-1)/(1 + 238/(-237)) is divided by m.
13
Let r be (2 - 3)/(3/6)*2. Let x be (10/8)/((-4)/(-12))*r. What is the remainder when ((-117)/x + -2)*5 is divided by 16?
13
Let v = 269 + -271. Ca